)?
-12
Let m(c) = c**2 + 16*c - 11. Calculate m(-15).
-26
Let b(r) = 6*r**2 - 8*r + 10. What is b(2)?
18
Let d(t) = -t**2 + t + 6. Calculate d(0).
6
Let i(s) = -6*s**3 + 4*s**2 - 3. Give i(3).
-129
Let y(o) = -3*o + 9. Calculate y(-5).
24
Let t(q) = 9*q + 53. Calculate t(-9).
-28
Let c(v) = -v**3 + 8*v**2 + 7*v + 16. Calculate c(9).
-2
Let b(m) = -m**2 + 27*m + 57. Determine b(29).
-1
Let v(t) = -t**2 + 4*t + 3. Calculate v(4).
3
Let p(y) = y**2 - y. What is p(-1)?
2
Let t(s) = 9*s**2 - 57*s + 14. Give t(6).
-4
Let r(i) = -2*i**2 + 29*i - 15. What is r(14)?
-1
Let f(p) = -3*p**3 + 45*p**2 + 2*p - 37. What is f(15)?
-7
Let y(q) = 2*q + 23. Determine y(-11).
1
Let i(b) = b**2 + 5*b - 1. Calculate i(-7).
13
Let r(y) = y**2 - 2*y - 17. What is r(7)?
18
Let l(o) = o**2 - 20*o - 3. Give l(18).
-39
Let n(b) = -b**3 - 58*b**2 + 54*b - 302. Give n(-59).
-7
Let r(h) = h**3 - 16*h**2 + 21*h + 20. What is r(15)?
110
Let b(y) = -3*y - 2. Calculate b(-7).
19
Let u(t) = 9*t - 12. Calculate u(4).
24
Let d(m) = -2*m**2 + 19*m - 20. Calculate d(9).
-11
Let b(s) = 2*s - 1. Calculate b(2).
3
Let r(a) = a**3 + 7*a**2 + 3*a - 3. Calculate r(-3).
24
Let b(d) = d**3 + 17*d**2 + 34*d + 60. Give b(-15).
0
Let m(v) = v**2 - 4*v - 9. Determine m(4).
-9
Let w(q) = -q**2 + 6*q - 12. What is w(8)?
-28
Let a(t) = 2*t + 5. Give a(-7).
-9
Let h(i) = i**2 - 17*i - 94. Calculate h(22).
16
Let x(t) = t**2 - 2*t - 142. Calculate x(-11).
1
Let l(n) = 3*n**2 + 6*n - 4. Give l(4).
68
Let h(k) = -63*k + 43. Give h(2).
-83
Let h(n) = -2*n**2. Give h(-2).
-8
Let d(j) = 4*j + 14. Give d(-7).
-14
Let m(o) = 16*o + 136. Determine m(-8).
8
Let n(w) = -w**3 - w**2 + w + 4. Give n(0).
4
Let n(f) = 3*f - 1. Give n(0).
-1
Let h(k) = 2*k - 11. Give h(3).
-5
Let p(k) = 4*k - 18. Determine p(16).
46
Let v(i) = i**3 - 8*i**2 + 2*i - 17. Give v(6).
-77
Let x(g) = g**3 + 3*g**2 + 8. Determine x(-4).
-8
Let o(c) = -c**3 - 7*c**2 - 10*c - 7. Determine o(-6).
17
Let y(s) = -3*s**2 + 12*s + 5. Calculate y(4).
5
Let l(y) = 2*y - 8. Give l(5).
2
Let c(k) = -k**3 + 5*k**2 - 5*k + 1. Give c(4).
-3
Let f(d) = -43*d**3 - 2*d**2 + 2*d + 1. What is f(-1)?
40
Let x(z) = -5*z - 3. Determine x(-1).
2
Let n(h) = h**2 + 24*h - 20. Give n(-10).
-160
Let b(l) = -6*l - 36. Give b(-13).
42
Let z(a) = -a**3 + 27*a**2 - 46*a - 108. Calculate z(25).
-8
Let p(j) = -5*j + 34. Determine p(7).
-1
Let z(m) = -12*m + 3. Calculate z(-4).
51
Let a(w) = -27*w - 51. What is a(-2)?
3
Let d(t) = -t**2 - 15*t + 13. Give d(-16).
-3
Let f(c) = 3*c + 9. What is f(3)?
18
Let g(o) = o**2 + 2*o - 28. Calculate g(7).
35
Let d(q) = -q**2 - 21*q - 55. Give d(-18).
-1
Let t(v) = -v**3 + 3*v**2 + 5. Determine t(4).
-11
Let m(f) = 9*f + 192. Calculate m(-21).
3
Let f(g) = g**3 - 5*g**2 + 8. What is f(5)?
8
Let m(r) = -11*r - 59. Determine m(-6).
7
Let s(y) = -y**3 + 5*y**2 + y - 1. Calculate s(6).
-31
Let g(j) = -j**3 + 71*j**2 + 67*j + 364. Determine g(72).
4
Let j(c) = -17*c**2 + 1. Calculate j(-1).
-16
Let g(y) = y**2 - 8*y - 6. Calculate g(9).
3
Let o(z) = -z**2 - 10*z - 55. Calculate o(-11).
-66
Let b(p) = p**2 + 2*p - 57. Calculate b(-9).
6
Let w(i) = -8*i - 8. Give w(0).
-8
Let i(o) = -6*o**2 + 4*o - 3. What is i(2)?
-19
Let o(j) = j - 1. Calculate o(2).
1
Let s(x) = 2*x**3 - 44*x**2 + 11. Calculate s(22).
11
Let g(d) = d**3 + 6*d**2 - 8*d + 2. Determine g(-6).
50
Let h(y) = -2*y**2 + 41*y - 66. Calculate h(19).
-9
Let f(u) = -u**2 + 17*u - 2. Calculate f(14).
40
Let v(t) = -12*t - 3. Calculate v(3).
-39
Let r(j) = 2*j**3 + 35*j**2 + 17*j + 1. Determine r(-17).
1
Let c(p) = 3*p**2 - 2. Calculate c(-1).
1
Let g(o) = -o**2 - 10*o + 11. Determine g(-9).
20
Let j(p) = 8*p**2 - 59*p + 14. What is j(7)?
-7
Let z(a) = 74*a + 595. Determine z(-8).
3
Let x(m) = -m**3 + 22*m**2 + 26*m - 71. Calculate x(23).
-2
Let c(j) = j**2 + 25*j + 89. Give c(-5).
-11
Let m(b) = -b**3 + 15*b**2 - 6. Give m(15).
-6
Let p(g) = -g**2 + 4*g + 6. Give p(5).
1
Let d(r) = r**2 + 18*r - 97. Give d(-22).
-9
Let g(n) = -2*n + 6. Calculate g(5).
-4
Let o(b) = -b**3 - 21*b**2 + 17*b - 114. Give o(-22).
-4
Let x(d) = d**3 + 3*d**2 - 3*d - 5. Calculate x(-4).
-9
Let i(j) = -j**3 - 5*j**2 + 4*j - 10. Determine i(-6).
2
Let s(z) = 21*z + 4. Give s(-2).
-38
Let p(b) = b - 4. What is p(2)?
-2
Let d(m) = -4*m - 55. Calculate d(-10).
-15
Let t(f) = f**3 - 16*f**2 - 15*f + 19. Give t(17).
53
Let u(z) = 33*z**2 - z + 1. Calculate u(1).
33
Let x(w) = w**2 + 14*w - 15. What is x(-9)?
-60
Let x(d) = -13*d - 1. Determine x(-1).
12
Let k(o) = o**3 + 12*o**2 + 20*o + 9. Give k(-8).
105
Let r(g) = g**2 - 29*g + 171. What is r(8)?
3
Let n(h) = -h**3 + 6*h**2 - 3*h + 7. Calculate n(6).
-11
Let q(f) = -f**3 + 47*f**2 + 46*f + 100. Give q(48).
4
Let i(z) = 44*z + 54. What is i(-4)?
-122
Let h(o) = 7*o + 79. What is h(-12)?
-5
Let o(l) = l**2 + 9*l - 23. Determine o(-10).
-13
Let r(a) = -a**3 + 7*a**2 - 5*a - 6. Calculate r(6).
0
Let x(f) = 4*f + 23. What is x(7)?
51
Let v(m) = -m - 43. What is v(-13)?
-30
Let n(w) = 9*w**3 + 2*w**2 - w + 1. Determine n(1).
11
Let x(r) = r**2 + 12*r - 81. Determine x(-17).
4
Let z(t) = t**3 - 3*t**2 - 6*t + 7. Calculate z(4).
-1
Let w(k) = 3*k + 35. Calculate w(-14).
-7
Let z(x) = x**3 + 18*x**2 - 20*x - 12. Calculate z(-19).
7
Let o(r) = -r**2 - r - 4. Calculate o(0).
-4
Let d(b) = b**3 + 10*b**2 - 13*b - 6. Give d(-11).
16
Let o(t) = -t**3 - 7*t**2 + 4*t - 15. Determine o(-8).
17
Let z(p) = -p**2 - 26*p - 46. Give z(-22).
42
Let v(l) = -l**3 - 21*l**2 + 24*l + 53. Give v(-22).
9
Let r(n) = -n**2 - 41*n - 119. Determine r(-38).
-5
Let d(i) = -i**3 + 27*i**2 - 3*i + 43. Give d(27).
-38
Let w(f) = -f + 26. Calculate w(15).
11
Let a(m) = 4*m + 4. Calculate a(-4).
-12
Let k(l) = -l**3 + 2*l**2 + 2*l + 4. Give k(4).
-20
Let f(d) = 10*d. What is f(2)?
20
Let i(t) = -7*t**2 - 1. What is i(1)?
-8
Let u(i) = -2*i**2 + 9*i - 17. Calculate u(4).
-13
Let l(b) = -b**3 + 9*b**2 - 8*b + 4. What is l(8)?
4
Let p(k) = -k**3 + 4*k**2 - 5*k + 3. What is p(3)?
-3
Let a(d) = d**2 - 16*d + 1. Give a(16).
1
Let s(r) = r**3 - 7*r**2 + 4*r - 9. Calculate s(7).
19
Let n(j) = -2*j**3 + 10*j**2 - 7*j. Determine n(4).
4
Let k(v) = -4*v - 85. What is k(-21)?
-1
Let b(a) = 44*a + 226. Calculate b(-5).
6
Let i(u) = -u**3 + u**2 + 6*u - 7. Give i(0).
-7
Let y(k) = 2*k**2 + 12*k - 15. Determine y(-6).
-15
Let w(g) = -24*g**2 + 5*g + 2. Give w(-1).
-27
Let f(s) = -3*s - 20. What is f(-9)?
7
Let u(j) = 2*j**2 + 13*j + 3. Determine u(-10).
73
Let w(p) = 2*p - 5. Determine w(-6).
-17
Let u(w) = -w**3 + 3*w**2 - 5*w + 10. What is u(4)?
-26
Let z(s) = s + 13. What is z(2)?
15
Let z(n) = 2*n - 13. Calculate z(11).
9
Let h(i) = 15*i**2 - i. Determine h(-2).
62
Let t(z) = z**2 + 10*z - 12. Give t(-12).
12
Let t(v) = -v**3 + 19*v**2 - 18*v + 5. What is t(18)?
5
Let o(c) = -c**2 - 6*c + 32. Determine o(-9).
5
Let t(i) = -11*i**3 + i**2 - 2*i. What is t(2)?
-88
Let n(r) = -314*r + 1888. Calculate n(6).
4
Let a(u) = -u**3 + 10*u**2 - 18*u - 17. What is a(7)?
4
Let w(z) = -12*z + 1. Give w(5).
-59
Let a(s) = -2*s**3 - 21*s**2 + 11*s + 3. What is a(-11)?
3
Let o(b) = b**3 + 12*b**2 - 4*b - 58. What is o(-12)?
-10
Let y(t) = 16*t - 8. Calculate y(1).
8
Let n(t) = -t**3 - 16*t**2 - 12*t + 12. Determine n(-15).
-33
Let l(i) = i**3 + 3*i**2 + 5*i + 12. Give l(-3).
-3
Let u(b) = -b**3 - 7*b**2 - 8*b + 5. Calculate u(-5).
-5
Let o(b) = b**2 - 4*b - 9. Determine o(-5).
36
Let t(v) = -21*v**2 - 13*v + 13. Calculate t(1).
-21
Let j(f) = 3*f - 4. Give j(4).
8
Let k(n) = n**3 - 9*n**2 + 10*n + 8. What is k(8)?
24
Let m(n) = 2*n + 5. Give m(0).
5
Let q(s) = -4*s + 4. Give q(2).
-4
Let w(j) = -j**3 + 33*j - 3. What is w(5)?
37
Let t(h) = h**2 + 14*h + 1. Give t(-14).
1
Let t(o) = 5*o + 4. Calculate t(-2).
-6
Let b(p) = p**2 - p - 2. Determine b(-1).
0
Let b(c) = c + 1. What is b(-6)?
-5
Let h(l) = l**3 - 6*l**2 + 3*l + 15. Calculate h(5).
5
Let a(v) = -v**2 + 9*v + 2. What is a(9)?
2
Let j(m) = -m**3 - 12*m**2 - 20*m + 3. Give j(-11).
102
Let b(q) = q**2 + 11*q - 12. Determine b(-12).
0
Let v(q) = q**3 + 10*q**2 - 9*q + 11. Give v(-11).
-11
Let n(r) = r + 8. Determine n(-15).
-7
Let h(w) = -2*w**2 - 32*w - 124. What is h(-8)?
4
Let t(i) = -i**3 - 4*i**2 - 12*i - 21. Give t(-3).
6
Let u(b) = b + 6. Determine u(-10).
-4
L